ed by n(25).
23
Suppose 2*d - 5*a + 2 = 3, -26 = -7*d - 5*a. What is the remainder when 219 is divided by d?
0
Suppose 0 = -5*k + 5*y, -13*k - 3*y + 8 = -8*k. What is the remainder when 267 is divided by (1 - 35)/((-1)/k)?
29
Suppose 11*l - 8*l - 9 = 0. Let x(y) = -6*y + l*y**2 + 7*y**2 - y**3 + 15 - 17*y**2. Calculate the remainder when x(-6) is divided by 9.
6
Let m = -961 + 959. Let o(l) = l - 4. Let g be o(11). What is the remainder when m/g - (-321)/21 is divided by 5?
0
Suppose 38*z = 34*z + f + 408, -2*z - 5*f + 204 = 0. Calculate the remainder when 415 is divided by z.
7
Suppose 0 = -21*z + 463 + 671. Let j = 272 - 118. What is the remainder when j is divided by z?
46
Suppose 115 - 445 = -22*m. Let f = m - -82. What is the remainder when 285 is divided by f?
91
Suppose 245*i - 234*i = 12903. Suppose 5*b + 20*v - i = 24*v, -5*v = b - 223. What is the remainder when b is divided by 73?
14
Suppose 4*u = z + 40, z - 18 = -5*u + 32. Suppose -2 = -12*w + u*w. Calculate the remainder when 11 is divided by w.
0
Let h = 3 + -1. Suppose -3*k - 5*r = -489 + 449, 4*k = 5*r - 5. Calculate the remainder when 5*(h - (-8)/(-10)) is divided by k.
1
Let b = -63 + 124. Let i be 74/(-6) + (-6)/342*-19. Let w(t) = t**3 + 13*t**2 + 11*t + 9. What is the remainder when b is divided by w(i)?
19
Suppose -5*u + 205 = 2*i, -231*i + 3*u - 465 = -236*i. Suppose -4*w - 225 = -5*a, 0*w - 240 = -5*a + w. Calculate the remainder when i is divided by a.
41
Let b = -5980 - -6033. Calculate the remainder when 1228 is divided by b.
9
Suppose -156*g + 40589 = -119*g. Calculate the remainder when g is divided by 110.
107
Let y(t) = 3*t**2 + 287*t - 3752. Calculate the remainder when y(-108) is divided by 33.
13
Let z(o) = -o**3 - 84*o**2 + 110*o + 2957. What is the remainder when z(-85) is divided by 20?
12
Suppose -33 = 6*r - 105. Let s = r + -7. Suppose -o + 4*f + s = 19, -8 = 2*o - 4*f. Calculate the remainder when o is divided by 3.
0
Let x = 1314 - 1310. Suppose 5*b - 45 = 2*f - 4*f, -2*b + 5*f = -18. Suppose b = -3*q - 3, -5*j + 296 = -x*q. What is the remainder when j is divided by 12?
8
What is the remainder when -4 - ((-268 - 2)/6 + -7) is divided by -7 - -8 - (-27 - 0)?
20
Let m(u) = -u**3 - 3*u**2 + 4*u + 5. Let q(x) = 2*x**3 - 32*x**2 + 99*x. Calculate the remainder when m(-7) is divided by q(12).
29
Let a(o) = -o**3 + 23*o**2 - 17*o - 106. Let r be a(22). Calculate the remainder when 3*1/(-12) - (-469)/r is divided by 11.
7
Let t = -641 - -637. What is the remainder when 8 + t + -9 + 32 is divided by 4?
3
Suppose d = 2*l - 284, 5*d = 3*l + 576 - 1961. What is the remainder when (-1 + d)*(-128)/160 is divided by 25?
20
Let k be -1 + (3 - 7) - -1. What is the remainder when -2*((1 - (-23)/(-2)) + k) is divided by 5*2/10*16?
13
Suppose 3*f + 4*i = 835, 4*f = -4*i + 1347 - 235. Calculate the remainder when f is divided by 78.
43
Let d = 727 + -717. What is the remainder when 36 is divided by d?
6
Let j be (11 - 7)/(2/5). Let t be 585/j - 2/(-4). Suppose 73 = y + t. Calculate the remainder when y is divided by 8.
6
Let w be (6/(-4))/((-66)/(-704)). Let z(c) = c**2 + 13*c - 7. Let k be z(w). Let m = k - 2. Calculate the remainder when m is divided by 10.
9
Suppose -8*l - 6*l + 126 = 0. Let m(h) = 5*h - 24. What is the remainder when 58 is divided by m(l)?
16
Suppose 4*k - 34 = -2*z, -2*z + 125 = 3*z + 2*k. Let u = 135 + -124. Suppose -9*y - 214 = -u*y. Calculate the remainder when y is divided by z.
26
Let f(o) = -o**3 - 16*o**2 - 67*o - 2. Let u = -36 - -54. What is the remainder when f(-8) is divided by u?
4
Let j(t) = -3*t + 54. Calculate the remainder when 282 is divided by j(12).
12
Let a = 28 + -48. Let r = 42 + a. Suppose 38 + r = 5*o. Calculate the remainder when 57 is divided by o.
9
Suppose 0 = q - 4, 4*m - 7*q + 4*q = -4. Suppose -m*y = 2*w + 3*w - 39, 0 = 5*y + 4*w - 140. Calculate the remainder when y is divided by 7.
4
Suppose 4*n = 4*q - 48, -4*q + 5*n + 32 + 12 = 0. What is the remainder when q is divided by 2/((-7)/(308/(-8)))?
5
Let c(n) = -n**3 - 12*n**2 + 43*n + 21. Calculate the remainder when 1061 is divided by c(-15).
41
Let c = -287 + 411. Let x = c - 117. Calculate the remainder when 53 is divided by x.
4
Let y(o) = o**3 + 6*o**2 - 10*o + 13. Calculate the remainder when y(-6) is divided by 69.
4
Let o be (-12)/(0 + (0 + -1)*1). What is the remainder when 954/o*20/15 is divided by 55?
51
Let z = 883 - 846. What is the remainder when (-2)/15 + -3 + (-2254)/(-30) is divided by z?
35
Let s(o) be the first derivative of -o**4/4 - 2*o**3 + 4*o**2 + 6*o - 6. What is the remainder when s(-8) is divided by (-6)/((-3)/(-4)*10/(-45))?
34
Suppose 1040 = l - 2*o, -45*l + 2088 = -43*l - 2*o. What is the remainder when l is divided by 35?
33
Suppose 5*s - 2*b + 7215 = 0, 4*b = 2*s + 9*b + 2886. What is the remainder when (-7)/(7/3) + s/(-3) is divided by 60?
58
Suppose -59 - 21 = -10*k. Suppose 124 = 12*i - k*i. Calculate the remainder when 53 is divided by i.
22
Let o = -48 + 101. What is the remainder when o is divided by (4/(-10))/(67/335) + (-52)/(-4)?
9
Calculate the remainder when 3018 is divided by 2/12 - 11874/(-36) - (103 - 106).
21
Calculate the remainder when 544 is divided by 462/(-28 + 7) - -37.
4
Let u = 411 - 176. What is the remainder when (u - -2) + 20/(-5) is divided by 17?
12
Let j(y) = -y**3 + 10*y**2 - 19*y + 57. What is the remainder when 558 is divided by j(8)?
30
Suppose -9*t - 137 = -353. Let g = 52 - t. Let u(w) = 5*w**2 - 4*w + 3. Calculate the remainder when u(5) is divided by g.
24
Let b = 24 + -8. Let y be (36/30)/(-2 + (-122)/(-60)). Calculate the remainder when b is divided by (-158)/(-18) + (-4)/y*-2.
7
Let x = -91 + 125. Suppose 0 = -5*a + 16 + x. Suppose 4 = 9*c - a*c, s - 2*c - 34 = 0. What is the remainder when 102 is divided by s?
24
Suppose 0 = a - 0*a + s - 111, -447 = -4*a - s. Suppose 252 + a = 7*j. What is the remainder when 150 is divided by j?
46
Suppose -110*a - 2340 = -12790. Calculate the remainder when 394 is divided by a.
14
Let k be (6 - 70/12)*-3*-254. Let x = k - 9. Let h(l) = -18*l - 1. Calculate the remainder when x is divided by h(-1).
16
Let l be ((-6)/9)/((-6)/(-63)). Let n be (12 - 3) + -3 - (-4 - l). Suppose 4*j - 32 = n*j. Calculate the remainder when j is divided by 13.
6
Suppose 2*l - l = -47. Let f = 50 + l. Suppose t - f*i = 2, -5*i = 4*t - t - 34. What is the remainder when 15 is divided by t?
7
Suppose 0 = -210*a + 234*a - 2544. Let k = 214 + -308. Let m = a + k. Calculate the remainder when 46 is divided by m.
10
Suppose 15 = s - 8. Let l(u) = 18*u + 337. What is the remainder when l(-15) is divided by s?
21
Let r(o) = -27*o**3 + o**2 + o + 1. Calculate the remainder when ((-24)/420*-5)/((-1)/(-679)) is divided by r(-1).
26
Suppose 36*l + 75622 = 100149 + 145321. Calculate the remainder when l is divided by 121.
120
Let n(w) = -2*w**2 - 61 - 61 + 7*w + 4*w + 123. Calculate the remainder when 25 is divided by n(4).
12
Let r = 16314 - 16182. Calculate the remainder when 279 is divided by r.
15
Let x(h) = 205*h - 963. What is the remainder when x(37) is divided by 48?
46
Let r(z) = -770*z - 1146. What is the remainder when r(-2) is divided by 41?
25
Suppose -80*f = -96*f - 112. Let y(u) = -31*u - 205. Calculate the remainder when 80 is divided by y(f).
8
Let h(o) = o**3 + 6*o**2 + 7*o + 27. Let f(a) = -a**2 - 14*a + 27. Let y be f(-16). Calculate the remainder when 62 is divided by h(y).
11
Let g(f) be the third derivative of 7*f**6/120 - f**5/60 + f**4/12 - 92*f**2. What is the remainder when g(2) is divided by (-1 + 2)*0 + 15?
11
Suppose 3239 = 3*u - 5*o, -2*u = -4*u + 4*o + 2164. Calculate the remainder when u is divided by 132.
12
Suppose 2*l - 1 = -2*z + 1, 0 = -z - 4. Suppose 624*m - 97*m = 57*m + 137710. Calculate the remainder when m is divided by l.
3
Let f be 4/14 - (-12)/(-42). Let y(z) = z**2 + z**3 + 11*z - 10*z + 24 + 0*z. What is the remainder when 93 is divided by y(f)?
21
Let j = -5 + 24. Calculate the remainder when (-176055)/(-495) - ((-1)/3 - 1) is divided by j.
15
Let z(l) = 179*l + 5. Let f be z(-1). Let w = f - -241. Calculate the remainder when w is divided by 30.
7
Let v(x) = -21*x**2 + 140*x + 16. Let b = 24 + 10. Calculate the remainder when v(6) is divided by 